mon divisor of 2090592 and 4.
4
Calculate the greatest common divisor of 30 and 4938.
6
What is the highest common factor of 1086 and 502818?
1086
What is the greatest common divisor of 430 and 70305?
215
Calculate the greatest common factor of 154 and 2948.
22
What is the greatest common divisor of 110 and 4675990?
110
Calculate the greatest common factor of 14859 and 5207.
127
What is the highest common divisor of 345579 and 39?
39
What is the highest common divisor of 186939 and 153?
9
Calculate the highest common divisor of 3192 and 140.
28
Calculate the highest common divisor of 1909 and 5750.
23
What is the highest common factor of 20421 and 81?
9
What is the greatest common factor of 231 and 13068?
33
Calculate the highest common factor of 714690 and 270.
270
What is the highest common factor of 82995 and 1320?
165
What is the highest common divisor of 36 and 1170252?
36
What is the highest common factor of 211168 and 64?
32
What is the highest common divisor of 3 and 4817874?
3
Calculate the highest common factor of 4785 and 293799.
957
Calculate the highest common divisor of 1573560 and 440.
40
What is the greatest common factor of 1177 and 1166?
11
What is the highest common factor of 305 and 460001?
61
What is the greatest common divisor of 187364 and 124?
124
What is the greatest common divisor of 456 and 362216?
152
What is the greatest common divisor of 16836 and 4270?
122
What is the greatest common divisor of 176 and 524128?
176
Calculate the greatest common factor of 425 and 187.
17
Calculate the highest common divisor of 494 and 459667.
247
Calculate the highest common divisor of 51 and 18632.
17
What is the greatest common divisor of 1136466 and 38?
38
Calculate the greatest common factor of 1684 and 36.
4
What is the highest common divisor of 39 and 228813?
39
What is the greatest common divisor of 3612 and 26908?
28
What is the greatest common divisor of 2952264 and 84?
84
Calculate the greatest common factor of 19691 and 447461.
679
What is the highest common divisor of 54325 and 530?
265
Calculate the greatest common divisor of 54528 and 70.
2
What is the greatest common divisor of 76921 and 91?
13
What is the highest common divisor of 710799 and 372?
93
Calculate the highest common factor of 180 and 6624.
36
What is the highest common divisor of 280 and 680?
40
Calculate the greatest common factor of 117 and 52169.
13
Calculate the highest common divisor of 409798 and 488.
122
What is the greatest common divisor of 5005183 and 626?
313
What is the greatest common factor of 3088 and 31459?
193
What is the highest common factor of 33 and 17193?
33
Calculate the highest common divisor of 408 and 7245162.
102
Calculate the greatest common divisor of 418 and 1331.
11
Calculate the highest common divisor of 156750 and 114.
114
Calculate the highest common factor of 201870 and 90.
90
Calculate the highest common divisor of 4141 and 492.
41
Calculate the greatest common divisor of 41395 and 35.
5
Calculate the greatest common divisor of 56257 and 202.
101
What is the greatest common divisor of 137 and 80419?
137
What is the greatest common divisor of 60 and 571980?
60
Calculate the highest common divisor of 9 and 83592.
9
Calculate the highest common factor of 1362 and 1626909.
681
What is the greatest common factor of 351 and 158625?
27
Calculate the highest common divisor of 44 and 493229.
11
What is the highest common factor of 203 and 856457?
203
Calculate the highest common factor of 613416 and 5124.
732
Calculate the highest common divisor of 40 and 115912.
8
What is the highest common divisor of 58 and 6652?
2
Calculate the greatest common factor of 70 and 90314.
14
Calculate the greatest common divisor of 156 and 1119716.
52
Calculate the highest common factor of 6215 and 20284.
11
Calculate the highest common factor of 1709434 and 174.
58
Calculate the greatest common factor of 51 and 287946.
51
What is the greatest common factor of 2070748 and 395?
79
Calculate the highest common divisor of 29198 and 1857442.
2246
What is the highest common divisor of 2282644 and 364?
364
Calculate the greatest common divisor of 53541 and 81.
81
What is the greatest common divisor of 1123713 and 81?
81
Calculate the greatest common divisor of 117948 and 96.
12
What is the greatest common factor of 28176 and 10032?
48
What is the greatest common factor of 58922 and 68?
34
Calculate the highest common divisor of 68 and 190825.
17
Calculate the highest common divisor of 1496 and 681241.
187
Calculate the greatest common divisor of 15504 and 836.
76
What is the highest common divisor of 1190 and 16205?
35
What is the highest common divisor of 252927 and 537?
537
What is the highest common divisor of 3486860 and 1300?
260
What is the greatest common factor of 421010 and 10?
10
What is the highest common factor of 43 and 141599?
43
What is the greatest common divisor of 16 and 48176?
16
Calculate the highest common factor of 1398 and 24931.
233
Calculate the highest common divisor of 16 and 224456.
8
What is the greatest common divisor of 24786 and 7038?
306
Calculate the greatest common factor of 539 and 1561.
7
What is the highest common factor of 2589430 and 930?
310
Calculate the highest common divisor of 1788 and 468.
12
What is the highest common divisor of 456 and 211052?
76
What is the highest common divisor of 5967 and 4590?
459
What is the greatest common divisor of 87 and 1218?
87
What is the highest common divisor of 54494 and 407?
11
What is the greatest common factor of 3749286 and 246?
246
Calculate the highest common divisor of 389 and 37.
1
Calculate the highest common divisor of 134238 and 156.
78
What is the highest common factor of 87360 and 60704?
224
What is the greatest common factor of 117153 and 729?
27
Calculate the greatest common factor of 40 and 128.
8
Calculate the highest common divisor of 90748 and 18983.
463
Calculate the highest common factor of 14319 and 148.
37
Calculate the greatest common factor of 397 and 17071.
397
Calculate the greatest common factor of 477 and 1287.
9
Calculate the highest common divisor of 1214 and 359951.
607
Calculate the greatest common factor of 174 and 306066.
174
Calculate the highest common factor of 375668 and 19.
19
Calculate the highest common factor of 9 and 418851.
9
Calculate the greatest common divisor of 1380 and 15300.
60
What is the highest common factor of 112 and 1624?
56
What is the highest common factor of 74175 and 86?
43
What is the greatest common factor of 5020 and 1900?
20
Calculate the greatest common factor of 175352 and 4968.
184
Calculate the greatest common factor of 21 and 757743.
21
Calculate the highest common divisor of 1785 and 6171.
51
What is the highest common divisor of 832 and 2860?
52
Calculate the highest common factor of 3936 and 21152.
32
What is the highest common factor of 56 and 111608?
56
What is the highest common factor of 21 and 33642?
21
Calculate the highest common factor of 711256 and 273.
91
Calculate the highest common factor of 7378 and 133.
7
What is the greatest common divisor of 29 and 39643?
29
Calculate the highest common factor of 7329 and 1113.
21
Calculate the greatest common factor of 3042 and 522.
18
Calculate the greatest common factor of 49 and 1288.
7
What is the highest common divisor of 154 and 15806?
14
What is the greatest common divisor of 522337 and 1?
1
Calculate the greatest common factor of 5 and 634115.
5
Calculate the highest common divisor of 60 and 62376.
12
What is the greatest common factor of 3 and 729?
3
Calculate the greatest common divisor of 2043 and 24743.
227
What is the highest common divisor of 130556 and 3048?
508
What is the highest common factor of 71 and 1097?
1
What is the greatest common factor of 455 and 22295?
455
Calculate the greatest common divisor of 24176 and 176.
16
What is the greatest common factor of 264 and 368952?
24
Calculate the greatest common factor of 6111 and 612.
9
What is the highest common factor of 620 and 454980?
20
What is the greatest common factor of 60630 and 15996?
258
Calculate the greatest common factor of 4472462 and 68.
34
Calculate the highest common factor of 627 and 267234.
33
Calculate the highest common factor of 1090440 and 12.
12
Calculat